 digit of v?
9
Let y = -29 + 32. Suppose 0 = y*i + 2*f + 10, -2*f - f = 5*i + 15. Suppose i = -9*l + 6*l + 165. What is the tens digit of l?
5
Suppose 6612 = 2*m + d - 9886, 0 = -d - 4. What is the hundreds digit of m?
2
Suppose -338909 + 73825 = -35*x + 143261. What is the tens digit of x?
6
Let q(o) = 84*o**2 + 16*o - 94. What is the units digit of q(10)?
6
Suppose 274377 = -51*n + 834918. What is the tens digit of n?
9
Let v(l) = 3*l**2 + 79*l + 687. What is the units digit of v(-67)?
1
Let q(x) = -2*x**3 - 11*x**2 - 12*x + 14. Let w be q(-8). Suppose -w = 5*l - r - 1428, -2*l - 2*r = -392. What is the tens digit of l?
9
Let a(n) = -2*n + 65. Let x be a(29). Suppose x*h + 4*c - 943 = 6*h, -5*h + 4652 = -c. What is the tens digit of h?
3
Let t(h) = h**3 + 2*h**2 - 12*h + 11. Suppose v = 8*v - 35. Let u be t(v). Suppose -x + 5*y + u = -71, -4*x + 3*y + 805 = 0. What is the units digit of x?
2
Let h = 39333 + -15400. What is the hundreds digit of h?
9
Let t be ((-10)/8)/(6/8 + -1). Suppose -3*i + 1 - 6 = q, -t*q + 4*i = 6. Let g = q - -43. What is the tens digit of g?
4
Suppose 5*i - 3*i + 62 = 0. Let z = i + 44. Let k = 9 + z. What is the tens digit of k?
2
Let r be 142/(-781) - ((-44211)/(-11))/(-1). Suppose 0 = n - 4*n - 5*d + r, 3*n = -3*d + 4029. What is the hundreds digit of n?
3
Let n be 38/19 + (-2)/2. What is the units digit of 1*1436/(5 - n)?
9
Let f be (3 - 15/(-5))/3. Let g(j) be the first derivative of 7*j**3 - 2*j**2 + j + 1. What is the units digit of g(f)?
7
Let b(n) = 13*n**2 + 11*n + 219. What is the units digit of b(-30)?
9
Let z be -6 + 11 - (-3 - -3). Suppose -3*n + 1075 = -z*r, 5*n = -2*r + 747 + 1086. What is the tens digit of ((-4)/4)/((-5)/n)?
7
Let g(q) = 46*q - 32. Let o = 553 - 541. What is the units digit of g(o)?
0
Let q = -50 + 39. Let h = -8 - q. Suppose 2*p + 3*m + 0*m - 185 = 0, h*p - 275 = -5*m. What is the tens digit of p?
0
Let f be ((-96)/14)/2*7. Let d be f + -4 - (-1 - (-1 - 1)). Let v = d - -185. What is the units digit of v?
6
Suppose 0 = -2*o + 5 + 1. Suppose 0 = -2*j - 3*z - o, -2*j + 2*z = 2 - 4. Suppose p - 459 = -3*c - 3*p, -4*c - p + 625 = j. What is the units digit of c?
7
Let h(a) = -3*a**2 + a - 1. Let z be h(1). Let c be ((-44)/12 + 2)*z - 1. Suppose -4*w + 676 = 4*k, 5*k + 276 = c*w - 355. What is the tens digit of w?
6
Suppose 2*w - 3*f - 1247 = 0, -w + f = 2*w - 1888. Suppose -2*s = 3*h - w, -11*h + 3*s + 192 = -10*h. What is the units digit of h?
7
Let w(l) = -386*l**3 - 2*l**2 - 2*l - 1. Let v be w(-1). Let d = -43 + v. What is the hundreds digit of d?
3
What is the hundreds digit of (-55)/14 + 4 - 47988/(-56)?
8
Let c be ((-17)/(-85))/(3/645). Suppose 0 = 2*h + 3*j - 1745, -38*h + c*h - 4425 = 5*j. What is the hundreds digit of h?
8
Suppose -25437 - 23733 = -10*z. What is the thousands digit of z?
4
Suppose 65866 = -42*q + 223492. What is the tens digit of q?
5
Let l be (1*-7)/(36/(-8) - -5). Let a = 102 + l. Let s = a + -57. What is the units digit of s?
1
Suppose 10*d = 5*h + 5*d - 5, -d - 4 = 0. What is the units digit of 338 - 10*h/(-15)?
6
Let f = 18174 + -189. What is the units digit of f?
5
Suppose 426354 = 42*o - 753216. What is the hundreds digit of o?
0
Let u(s) = -90*s**3 + 9*s**2 + 16*s + 47. What is the thousands digit of u(-4)?
5
Let i(j) = j**2 - 18*j + 2. Let f be i(18). Suppose 3*v - 224 = f*d + v, 4*d - 2*v + 444 = 0. What is the tens digit of ((-6)/6)/(2/d) + 3?
5
Let q be -280*(756/(-30))/(-7). Let z = -355 - q. What is the units digit of z?
3
Let c(d) = -26*d + 31. Let w(i) = -13*i + 15. Let v(u) = 4*c(u) - 7*w(u). Suppose 3*l = -3, 4*l + 0*l + 36 = -4*g. What is the units digit of v(g)?
3
Let k(x) = -747*x**2 - 1. Let t be k(1). Let h = t - -1178. Let y = h + -227. What is the units digit of y?
3
Let i(a) = 11*a**2 + 88*a - 923. What is the units digit of i(-56)?
5
What is the tens digit of 18/(-108) - (-132100)/24?
0
What is the tens digit of (-17)/(51/(-23064)) + -11?
7
Suppose -2*k + 1 = 3*a - 4*a, -5*a - 11 = -4*k. What is the tens digit of 21/k*(-962)/39?
1
Let k be ((-12)/9)/(8/(-18)). Suppose -2*f - 4*i + 600 = 0, -k*f + 0*f = -i - 935. What is the units digit of f?
0
Suppose 2*b + 2*q - 10824 = 0, -2*b - q + 3469 + 7357 = 0. What is the hundreds digit of b?
4
Suppose 3*m - 14 = 1. Suppose 0*q - 4*q + m*s = -1461, -4*q = -4*s - 1460. What is the tens digit of q?
6
Let s be (-40)/(-14) + -3 + (-71)/(-7). Suppose -4*n - 2160 = -s*n. What is the hundreds digit of n?
3
Let q(y) = 2*y**2 + 55*y - 31. Let h be q(-28). What is the units digit of (-1463)/h - 6*(-5)/(-45)?
7
Let q(a) = -66*a + 1074. What is the hundreds digit of q(-41)?
7
Suppose -3*k + 112 = -m, 3*m - 16 = -k - 2*m. Suppose 21*p = k*p - 1050. What is the tens digit of p?
7
Let o = 53 - 48. Let h(u) = -5*u + 139 - 2*u + o*u + 3*u. What is the tens digit of h(0)?
3
Let b(c) = 19101*c**3 - 4*c**2 - 7*c + 5. What is the thousands digit of b(1)?
9
Let v be ((-1152)/168)/((-2)/7). Let t = -21 + v. What is the units digit of 2/(t/5 - 568/1080)?
7
Suppose -f = -5*g - 290, g = 5*f - 0*f - 1402. Let s be (-1)/(f/(-92) - -3). What is the tens digit of 1 + -3 + 6 + s?
2
Let o be (4 + (-66)/12)/(10/20). Let n = -14 - -8. What is the hundreds digit of (n/5)/(1839/615 + o)?
1
What is the units digit of 771/1028 + 21049/4?
3
Suppose -26*t + 597597 = 176631. What is the ten thousands digit of t?
1
Suppose -5*x + 7305 = -5*i, 4*i - 7332 = -5*x - 0*i. Suppose 2*n + 6*n - x = 0. What is the hundreds digit of n?
1
Let m(q) = q**2 - 2*q - 1. Let t be m(-1). Suppose 7*k - 3*j - 620 = t*k, k - 124 = 4*j. Let x = k + -111. What is the units digit of x?
3
Let m(k) = -k**2 - 8*k - 11. Let j be m(-5). Let u be -138*((-10)/(-60))/(1/j). Let a = u - -95. What is the units digit of a?
3
Suppose 572 = -11*f - 369 + 6331. What is the hundreds digit of f?
4
Let j(k) = 3*k**2 - 4*k + 9 - 22 - k**2. Let d be j(4). Suppose 0*n - 2*v = 2*n - 162, -d*v - 162 = -2*n. What is the units digit of n?
1
Let b(a) = -a**2 + 4*a. Let d be b(4). Suppose v + 11 - 12 = d. What is the units digit of 60/(-1)*v/4*-3?
5
Let s be (6/(-2))/(15/(-60)). Let g be 10/15 + s/9. Suppose 3*y + 2*y + 4*f - 445 = 0, 0 = g*y + 5*f - 161. What is the tens digit of y?
9
Let w = 84 + 7521. What is the thousands digit of w?
7
Suppose -28 = -x - 3*x. Let i be (x - 3)/(-4) + -24. What is the units digit of (-1505)/i - 2/10?
0
Suppose -201685 = -32*d - 63989. What is the units digit of d?
3
Suppose 11*m = m + 20. Suppose k + 4 = 0, -m*k + 923 + 477 = 4*r. What is the tens digit of r?
5
Let f be -12*(-1)/(-2) - -4. What is the tens digit of (-1*(-848)/(-40))/(f/5)?
5
Let r(m) = -6712*m - 9091. What is the tens digit of r(-7)?
9
Suppose 10*k - 1327 = 2543. Let y = -48 + k. What is the hundreds digit of y?
3
Suppose -2*b + 44 = 2*w, 0 - 9 = -2*b + 5*w. Suppose -19*s + b*s + 54 = 0. What is the tens digit of s?
2
Let p(z) = 9*z**3 - 5*z**2 + 3*z - 4. Suppose 4*v + 4*d - 18 - 14 = 0, -v - 2 = -d. What is the tens digit of p(v)?
0
Suppose 6 = 2*a, -416*b + 4*a + 98178 = -413*b. What is the units digit of b?
0
Let f = 114 + -60. Suppose -f*z = -62*z + 2864. What is the hundreds digit of z?
3
Suppose -8*r - 1 - 23 = 0. What is the units digit of 2/17 - (r - (-15396)/(-51))?
5
Let i be 1*4/(0 - 4). Let a(d) = -108*d + 1. Let s be a(i). Let p = -46 + s. What is the tens digit of p?
6
Let o = 164 - 164. Suppose 0 = -5*d + 2*i + 134 + 1192, o = -4*d - 2*i + 1068. What is the units digit of d?
6
Let l(o) = 2*o**3 - 9*o**2 - 4*o - 31. Let z be l(9). What is the hundreds digit of (-4 + 3/1)/((-2)/z)?
3
Suppose 0 = 65*v - 42*v + 10327. What is the units digit of (v - 0)/((-7)/(7/1))?
9
Let w(j) = 978*j**2 - 43*j + 115. What is the ten thousands digit of w(4)?
1
Suppose 4*u - 2891 = -5*p + 961, -5*p + 3864 = -2*u. Suppose 2*o - 22 = p. What is the units digit of o?
7
Let w be (-10 + 1*-2)/((-6)/4359). Let g = -4603 + w. What is the hundreds digit of (-3)/(-7) - g/(-35)?
1
Let h = -2950 - -6993. What is the thousands digit of h?
4
Let j be (0 - 5) + 19*(45 + 2). What is the units digit of (-25 + 24 - (1 + -3)) + j?
9
Let f(l) = l**3 + 6*l**2 - 8*l - 45. Let z be f(-6). Suppose -w + z*w = 2*p + 2330, -3*w + 3502 = 4*p. What is the thousands digit of w?
1
Suppose 3*y + g = -g + 475, 3*y